 0 = -2*f - 0*y - 4*y + 26, 58 = m*f + l*y. What is the units digit of f?
5
Let b be (-4)/2*(1 + 0). What is the units digit of (-1 + b - 20)*-1?
3
Let h = 7 + 20. Suppose t - 1 - h = 0. What is the units digit of t?
8
Let u(w) be the second derivative of -w**3/3 + 6*w. Let x be u(-2). Suppose x*s - 22 = 6. What is the units digit of s?
7
Suppose -p - 4*p = -3*h - 7, 0 = h + 4. Let v(c) = 7*c**2 - 2*c - 1. What is the units digit of v(p)?
8
Let y be (-80)/(-38) + (-16)/152. Suppose -j - 20 = -y*j. What is the tens digit of j?
2
Suppose 3*r = -118 + 760. Suppose -85*w = -86*w + r. What is the units digit of w?
4
Suppose 0 = -7*g + 59 + 165. Suppose 36*j - 600 = g*j. What is the hundreds digit of j?
1
Let w be 14*4/42*(1 - 94). Let n = w - -175. What is the units digit of n?
1
Let h be (-1)/(-4) + 6601/28 + -3. What is the units digit of h/1 + -5 - (1 + -1)?
8
Let z = -31 + 33. Suppose -3*v - 304 = -8*v + 3*j, 5*j + 133 = z*v. What is the tens digit of v?
5
Let i(l) = l**2 + 11*l + 21. Let b be i(-12). Suppose -b*w = -29*w - 1076. What is the units digit of w?
9
Let b be (72/63)/((-3)/(-42)). Let z = 61 + b. What is the units digit of z?
7
What is the thousands digit of 20/(-50) - (-5547)/5?
1
Let c(w) = -w**3 - 7*w**2 - 6*w + 5. Let i = -16 + 10. Let a be c(i). Suppose -a*p = -4*g - 75, 2*p - 6 = 4*g + 24. What is the units digit of p?
5
Let v be ((-2)/(-3))/(4/246). Let g = v + -28. Suppose -4*t = -3*a, 5*a + t - 10 = g. What is the units digit of a?
4
Let d(p) = p - 10. Let z be d(14). Let h be z + -8 + (118 - -2). Suppose 4*c + h = 8*c. What is the units digit of c?
9
Suppose -4*b = 3*v - 196, -9*v + 4*v = -20. What is the tens digit of b?
4
Let o = -4940 + 9521. What is the tens digit of o?
8
Suppose t - 5*d - 92 = 0, 10*d - 5*d - 42 = -t. What is the units digit of t?
7
Suppose 3*z + 51 + 47 = -5*q, 0 = 5*q - 3*z + 122. Let s = q + 26. What is the units digit of s?
4
Suppose 0 = 6*k + 6*k - 276. Suppose -h = -7 - k. What is the units digit of h?
0
Let u(n) = -n + 87. Let h(t) = t**2 + 3*t - 4. Let d be h(-4). Let f be u(d). Suppose 3*i - 3*v = 81, 6*v + f = 3*i + 5*v. What is the tens digit of i?
3
Let n be (0/(-4))/(-2) + 126. Let p = n + -71. What is the units digit of (-10)/p - (-114)/22?
5
Let x be ((-1142)/(-4))/(7/(-14)). Let p = 915 + x. What is the units digit of p?
4
Let h be 6/(-1 - 36/(-32)). Let m = h + -44. What is the units digit of m?
4
Let o be (3 + 0)/(3/(-130)). Let f = o - -251. What is the hundreds digit of f?
1
Suppose j = 8 - 2. Let s(c) = 14 - c**3 + 11*c**2 - 3*c + j*c + 0*c**3 + 9*c. What is the units digit of s(12)?
4
Suppose 0*p = -3*a + 3*p + 3, -3*a + 5*p - 1 = 0. Let h be (1 + (3 - a))*2. Suppose -h*l = 2*l - 44. What is the tens digit of l?
1
Let p be 267/6 - (-1 + (-3)/(-6)). Suppose -43*g - 234 = -p*g. What is the hundreds digit of g?
1
Let c(x) = x - 4. Let t be c(6). Let k be 98 - 1/(t/4). Let n = k + -47. What is the tens digit of n?
4
Let i(n) = n**2 + 10*n + 13. Suppose 4*l + 3*o + 28 = -o, 5*o = -4*l - 23. What is the units digit of i(l)?
7
Let m = -11 - -13. Suppose -2*h = -8, 0 = -c - m*c - 4*h + 4. What is the units digit of (-4)/(c/1) - -1?
2
Suppose -9*n = 26*n - 38815. What is the hundreds digit of n?
1
Suppose -4*b = -2*b - 8. What is the hundreds digit of (-2)/(b/18)*(8 + -20)?
1
Let q(a) be the second derivative of -3/4*a**4 + 1/20*a**5 + 11/6*a**3 + 0 - 2*a**2 - a. What is the tens digit of q(8)?
2
What is the tens digit of (0 + 42)*(20 - (-29 - -18))?
0
Let r(y) = 19*y - 22. Let v = 58 + -53. What is the units digit of r(v)?
3
Let l(p) = p**2 - 7*p - 29. Let i be l(12). Suppose -5*b + i = -29. What is the tens digit of b?
1
Let d be (-8)/16 + (-810)/(-4). Suppose d = -5*y + 6*y. Suppose -5*m - j + y = 0, -3*m = -0*j + j - 120. What is the units digit of m?
1
Let w(l) = l**2 + 10*l - 1. Let p be w(-11). Suppose -4*r + 6 = -p. Suppose 79 = 3*j + 2*d, 2*j = -j - r*d + 89. What is the tens digit of j?
2
Suppose -5*b + 0 + 15 = 0. Suppose -23 + 11 = -b*u. Suppose m + m = -u*c + 142, 5 = 5*m. What is the tens digit of c?
3
Let z = -48 - -44. Let v(r) = 5*r**2 - 3*r - 1. What is the units digit of v(z)?
1
What is the hundreds digit of ((-1394)/17)/((-2)/11)?
4
Suppose -b = 4*v - 11, 0 = -0*v - 2*v - 4*b + 2. Suppose -v*r - 2*d = -7*d - 66, -d = -r + 24. What is the units digit of r?
7
Let o = -425 - -621. Let g = o - 135. What is the units digit of g?
1
Let p(o) = 139*o**2 - 6*o + 7. Let t be p(3). What is the tens digit of t/90 + 4/18?
1
Suppose -3*c = 2*c + 10. Let x be -2*c/((-8)/(-6)). Suppose 2*g = -u - x*u + 158, 2*g = -2*u + 84. What is the units digit of u?
7
Suppose 35*y - 20*y - 15780 = 0. What is the hundreds digit of y?
0
Let j be -1 + 0 + 4 + 286. Let m = -202 + j. Suppose -h - 2*h + m = 0. What is the units digit of h?
9
Let m be (-202)/(-18) + (-14)/63. Suppose m = 2*c - 97. What is the units digit of c?
4
Suppose -429 - 242 = -11*f. What is the units digit of f?
1
Let l(g) = 10 - 8 + g - 6*g**2 - 25*g**2. Let z be l(-1). Let h = z + 63. What is the tens digit of h?
3
Let l be 1 - 0 - (5 - 123). Let p = -83 + l. What is the tens digit of p/45*(-130)/(-4)?
2
Suppose -3*s + 2965 = 15*p - 11*p, 4*p + s = 2959. What is the units digit of p?
9
Let v(u) = 15*u**3 + 2*u**2 - 1. Let t(o) = -o + 15. Suppose a + 4*j - 6 = -0*j, -10 = -a - 2*j. Let s be t(a). What is the tens digit of v(s)?
1
Let z = -2958 + 5260. What is the hundreds digit of z?
3
Let z(h) = h**2 - 11*h - 9. Let v be z(12). Let q be -14*(3 - 12/v). Let n = q + -2. What is the tens digit of n?
1
Suppose s = 5*x + 447, 1269 = 3*s + 10*x - 7*x. What is the hundreds digit of s?
4
Suppose -102*n - 19368 = -108*n. What is the hundreds digit of n?
2
What is the units digit of (-2611 - 11/(66/(-12)))/(-1)?
9
Let a(d) = -13 - 3*d + 92*d**2 + 6*d + 16 + 47*d**2. What is the units digit of a(-1)?
9
Let o(a) = -8*a + 2 + 3*a**2 + 3 + 13 - 1. What is the units digit of o(4)?
3
Let a(t) = -3*t - 17. Let w be a(7). Let n = 12 - w. What is the tens digit of n?
5
Let c(s) = 72*s + 60. Let d be c(16). Suppose 7*z - d = -5*z. What is the hundreds digit of z?
1
Let f(c) = -c**2 + 3*c + 10. Let p be (-4)/(-14) - 141/(-21). Let g(x) = -x**2 + 2*x + 11. Let t(i) = p*f(i) - 6*g(i). What is the units digit of t(6)?
2
Let b be 126 - (0 + (-2 - (2 - 2))). Let g = -100 + b. What is the units digit of g?
8
Let k(g) = 7*g**3 + g**2. Let y be k(-1). What is the units digit of -2*169/(-3)*(-9)/y?
9
Let q(j) = 7 - 2 + j**2 + 6 + 0. Let l(m) = m**3 - 9*m**2 - 10*m - 5. Let k be l(10). What is the tens digit of q(k)?
3
Let i(z) = 169*z + 38. What is the hundreds digit of i(5)?
8
Let q = 1357 + -927. What is the hundreds digit of q?
4
Let v = 86 + -86. What is the tens digit of (v + 16)/(5 + (-9)/2)?
3
Let a = -13 + 86. Suppose -2*p - 15 = -a. What is the tens digit of p?
2
What is the units digit of ((-2 - 326)/4)/((-3)/21)?
4
Suppose -8 = -2*s - 4. Suppose s*b = o + 362, 5*o + 621 + 284 = 5*b. What is the hundreds digit of b?
1
Suppose -4*s = 2*d - 0*d - 32, 3*d - s = 13. Suppose 0 = -15*g + 3*g. Suppose -4*j + 6 + d = g, -j = r - 37. What is the tens digit of r?
3
What is the units digit of ((4 + -29)*6)/(-2)?
5
Let z be 8/(-36) - 122/18. Let y = -3 - z. Suppose -f + y*p = -23, 68 = 4*f - 2*p - 2*p. What is the tens digit of f?
1
Let q = -13 + 25. Suppose 2*c = 6*c - q. Suppose -c*d = -4*a + 42, 0 = -a - d - 3*d + 1. What is the units digit of a?
9
Suppose 0 = 4*u + 236 - 8192. What is the units digit of u?
9
Let u(y) be the first derivative of y**2 + 2*y + 5. Let h be u(0). Suppose -5*m - 5*j + 145 = 0, -h*m + 4*m - 79 = 5*j. What is the tens digit of m?
3
Suppose 25 = -z + 98. Let b = 173 - z. What is the tens digit of b?
0
Let v(f) = f. Let l be v(0). Suppose -2*p - 2*y - 6 = -l*p, -4*p = 3*y + 7. Suppose -58 = p*x - 4*x. What is the units digit of x?
9
Suppose -16*d + 18*d - 1288 = -3*l, -l = -4*d + 2604. What is the tens digit of d?
5
Let o(l) = -l**3 + 2 + 10*l**2 + 0 - 6*l**2 - 17*l**2. Let g be o(-13). What is the tens digit of -7*(g - 72/21)?
1
Suppose -2*z - 3*z - 20 = 0. What is the units digit of 8/z + (1 - -52)?
1
Let n be (5/(-10))/((-1)/2). Let q(t) = -8*t**3 - t**2 + 2*t - 1. Let m be q(n). What is the units digit of (m/(-6))/((-4)/(-6))